the prime factors of 13289.
97, 137
What are the prime factors of 20225?
5, 809
What are the prime factors of 32243?
19, 1697
List the prime factors of 31812.
2, 3, 11, 241
What are the prime factors of 2036?
2, 509
List the prime factors of 14659.
107, 137
List the prime factors of 48779.
48779
List the prime factors of 3407.
3407
What are the prime factors of 11042?
2, 5521
List the prime factors of 63.
3, 7
What are the prime factors of 3674?
2, 11, 167
What are the prime factors of 4041?
3, 449
What are the prime factors of 281?
281
What are the prime factors of 2106?
2, 3, 13
List the prime factors of 884.
2, 13, 17
What are the prime factors of 880?
2, 5, 11
What are the prime factors of 1706?
2, 853
What are the prime factors of 3462?
2, 3, 577
What are the prime factors of 12732?
2, 3, 1061
What are the prime factors of 4048?
2, 11, 23
What are the prime factors of 2603?
19, 137
What are the prime factors of 1802?
2, 17, 53
List the prime factors of 3440.
2, 5, 43
List the prime factors of 5193.
3, 577
What are the prime factors of 51435?
3, 5, 127
List the prime factors of 7.
7
List the prime factors of 140.
2, 5, 7
List the prime factors of 2107.
7, 43
What are the prime factors of 3355?
5, 11, 61
List the prime factors of 2089.
2089
What are the prime factors of 6003?
3, 23, 29
What are the prime factors of 1110?
2, 3, 5, 37
List the prime factors of 13091.
13, 19, 53
List the prime factors of 1607.
1607
What are the prime factors of 49141?
157, 313
List the prime factors of 93867.
3, 67, 467
What are the prime factors of 41546?
2, 20773
What are the prime factors of 83317?
13, 17, 29
What are the prime factors of 6907?
6907
List the prime factors of 2092.
2, 523
What are the prime factors of 46044?
2, 3, 1279
List the prime factors of 3056.
2, 191
What are the prime factors of 1233?
3, 137
List the prime factors of 24927.
3, 7, 1187
What are the prime factors of 10?
2, 5
What are the prime factors of 5892?
2, 3, 491
What are the prime factors of 75163?
11, 6833
What are the prime factors of 8557?
43, 199
What are the prime factors of 26116?
2, 6529
What are the prime factors of 3678?
2, 3, 613
What are the prime factors of 534?
2, 3, 89
List the prime factors of 35284.
2, 8821
What are the prime factors of 25825?
5, 1033
What are the prime factors of 1462?
2, 17, 43
What are the prime factors of 6246?
2, 3, 347
What are the prime factors of 2242?
2, 19, 59
What are the prime factors of 25260?
2, 3, 5, 421
What are the prime factors of 757?
757
List the prime factors of 9770.
2, 5, 977
List the prime factors of 735.
3, 5, 7
List the prime factors of 6460.
2, 5, 17, 19
What are the prime factors of 4544?
2, 71
List the prime factors of 504.
2, 3, 7
List the prime factors of 10097.
23, 439
What are the prime factors of 54620?
2, 5, 2731
List the prime factors of 73085.
5, 47, 311
What are the prime factors of 5341?
7, 109
List the prime factors of 390.
2, 3, 5, 13
What are the prime factors of 107715?
3, 5, 43, 167
What are the prime factors of 9599?
29, 331
List the prime factors of 967.
967
List the prime factors of 334.
2, 167
List the prime factors of 44.
2, 11
What are the prime factors of 9328?
2, 11, 53
List the prime factors of 4575.
3, 5, 61
List the prime factors of 74309.
19, 3911
What are the prime factors of 501?
3, 167
What are the prime factors of 27326?
2, 13, 1051
List the prime factors of 39617.
173, 229
What are the prime factors of 16567?
16567
List the prime factors of 13403.
13, 1031
List the prime factors of 17903.
17903
List the prime factors of 666.
2, 3, 37
What are the prime factors of 905?
5, 181
List the prime factors of 633.
3, 211
What are the prime factors of 20547?
3, 761
List the prime factors of 2667.
3, 7, 127
List the prime factors of 72333.
3, 19, 47
What are the prime factors of 35582?
2, 17791
What are the prime factors of 58403?
58403
What are the prime factors of 889?
7, 127
List the prime factors of 1502.
2, 751
What are the prime factors of 1047?
3, 349
What are the prime factors of 67415?
5, 97, 139
What are the prime factors of 3370?
2, 5, 337
List the prime factors of 10837.
10837
List the prime factors of 28076.
2, 7019
What are the prime factors of 118?
2, 59
List the prime factors of 11327.
47, 241
What are the prime factors of 1169?
7, 167
List the prime factors of 53359.
53359
What are the prime factors of 134010?
2, 3, 5, 1489
What are the prime factors of 595?
5, 7, 17
List the prime factors of 1311.
3, 19, 23
What are the prime factors of 3474?
2, 3, 193
List the prime factors of 875.
5, 7
List the prime factors of 20634.
2, 3, 19, 181
What are the prime factors of 6912?
2, 3
List the prime factors of 479.
479
What are the prime factors of 2249?
13, 173
What are the prime factors of 51?
3, 17
What are the prime factors of 576?
2, 3
What are the prime factors of 84597?
3, 163, 173
List the prime factors of 1446.
2, 3, 241
What are the prime factors of 14239?
29, 491
List the prime factors of 4182.
2, 3, 17, 41
What are the prime factors of 19427?
19427
List the prime factors of 2562.
2, 3, 7, 61
What are the prime factors of 11072?
2, 173
What are the prime factors of 2428?
2, 607
List the prime factors of 5030.
2, 5, 503
List the prime factors of 1811.
1811
What are the prime factors of 1523?
1523
What are the prime factors of 7416?
2, 3, 103
What are the prime factors of 453?
3, 151
List the prime factors of 968.
2, 11
What are the prime factors of 45812?
2, 13, 881
What are the prime factors of 3410?
2, 5, 11, 31
List the prime factors of 803.
11, 73
What are the prime factors of 28462?
2, 7, 19, 107
List the prime factors of 22397.
22397
What are the prime factors of 458?
2, 229
List the prime factors of 217.
7, 31
What are the prime factors of 571?
571
List the prime factors of 456.
2, 3, 19
What are the prime factors of 956?
2, 239
What are the prime factors of 1150?
2, 5, 23
What are the prime factors of 2472?
2, 3, 103
List the prime factors of 35432.
2, 43, 103
List the prime factors of 700.
2, 5, 7
List the prime factors of 12051.
3, 13, 103
List the prime factors of 12666.
2, 3, 2111
What are the prime factors of 28613?
13, 31, 71
List the prime factors of 35.
5, 7
What are the prime factors of 28457?
11, 13, 199
What are the prime factors of 2065?
5, 7, 59
List the prime factors of 1071.
3, 7, 17
What are the prime factors of 6390?
2, 3, 5, 71
What are the prime factors of 804?
2, 3, 67
What are the prime factors of 3762?
2, 3, 11, 19
List the prime factors of 7215.
3, 5, 13, 37
List the prime factors of 444.
2, 3, 37
What are the prime factors of 133888?
2, 523
List the prime factors of 49781.
67, 743
What are the prime factors of 2746?
2, 1373
What are the prime factors of 2867?
47, 61
List the prime factors of 584.
2, 73
What are the prime factors of 100530?
2, 3, 5, 1117
What are the prime factors of 129?
3, 43
What are the prime factors of 15227?
15227
List the prime factors of 24786.
2, 3, 17
What are the prime factors of 75324?
2, 3, 6277
List the prime factors of 10530.
2, 3, 5, 13
What are the prime factors of 2273?
2273
List the prime factors of 26918.
2, 43, 313
List the prime factors of 17159.
17159
List the prime factors of 866.
2, 433
What are the prime factors of 7515?
3, 5, 167
What are the prime factors of 1271?
31, 41
List the prime factors of 9357.
3, 3119
What are the prime factors of 89385?
3, 5, 59, 101
What are the prime factors of 65457?
3, 7, 1039
List the prime factors of 4437.
3, 17, 29
List the prime factors of 8472.
2, 3, 353
List the prime factors of 1482.
2, 3, 13, 19
List the prime factors of 1594.
2, 797
List the prime factors of 1805.
5, 19
List the prime factors of 1157.
13, 89
List the prime factors of 732.
2, 3, 61
List the prime factors of 132327.
3, 13, 29
List the prime factors of 595.
5, 7, 17
List the prime factors of 12017.
61, 197
What are the prime factors of 1040?
2, 5, 13
List the prime factors of 7933.
7933
What are the prime factors of 6385?
5, 1277
List the prime factors of 11127.
3, 3709
What are the prime factors of 3754?
2, 1877
List the prime factors of 3098.
2, 1549
What are the prime factors of 54353?
13, 37, 113
What are the prime factors of 7944?
2, 3, 331
What are the prime factors of 3363?
3, 19, 59
What a